{"id":71,"date":"2023-04-26T20:22:39","date_gmt":"2023-04-26T20:22:39","guid":{"rendered":"https:\/\/x99.fi\/?page_id=71"},"modified":"2025-05-19T21:11:53","modified_gmt":"2025-05-19T21:11:53","slug":"kuvia","status":"publish","type":"page","link":"https:\/\/x99.fi\/index.php\/kuvia\/","title":{"rendered":"Kuvia"},"content":{"rendered":"\n<p>Kuvia 2025 kev\u00e4\u00e4n OD-viikonlopusta:<\/p>\n\n\n\n<figure class=\"wp-block-image size-large\"><img loading=\"lazy\" decoding=\"async\" width=\"1024\" height=\"462\" src=\"https:\/\/x99.fi\/wp-content\/uploads\/2025\/05\/20250517_142835-1024x462.jpg\" alt=\"\" class=\"wp-image-142\" srcset=\"https:\/\/x99.fi\/wp-content\/uploads\/2025\/05\/20250517_142835-1024x462.jpg 1024w, https:\/\/x99.fi\/wp-content\/uploads\/2025\/05\/20250517_142835-300x135.jpg 300w, https:\/\/x99.fi\/wp-content\/uploads\/2025\/05\/20250517_142835-768x346.jpg 768w, https:\/\/x99.fi\/wp-content\/uploads\/2025\/05\/20250517_142835-1536x692.jpg 1536w, https:\/\/x99.fi\/wp-content\/uploads\/2025\/05\/20250517_142835-2048x923.jpg 2048w\" sizes=\"auto, (max-width: 1024px) 100vw, 1024px\" \/><\/figure>\n\n\n\n<figure class=\"wp-block-gallery has-nested-images columns-default is-cropped wp-block-gallery-1 is-layout-flex wp-block-gallery-is-layout-flex\">\n<figure class=\"wp-block-image size-large\"><img loading=\"lazy\" decoding=\"async\" width=\"1024\" height=\"462\" data-id=\"155\" src=\"https:\/\/x99.fi\/wp-content\/uploads\/2025\/05\/20250517_152512-1024x462.jpg\" alt=\"\" class=\"wp-image-155\" srcset=\"https:\/\/x99.fi\/wp-content\/uploads\/2025\/05\/20250517_152512-1024x462.jpg 1024w, https:\/\/x99.fi\/wp-content\/uploads\/2025\/05\/20250517_152512-300x135.jpg 300w, https:\/\/x99.fi\/wp-content\/uploads\/2025\/05\/20250517_152512-768x346.jpg 768w, https:\/\/x99.fi\/wp-content\/uploads\/2025\/05\/20250517_152512-1536x692.jpg 1536w, https:\/\/x99.fi\/wp-content\/uploads\/2025\/05\/20250517_152512-2048x923.jpg 2048w\" sizes=\"auto, (max-width: 1024px) 100vw, 1024px\" \/><\/figure>\n\n\n\n<figure class=\"wp-block-image size-large\"><img loading=\"lazy\" decoding=\"async\" width=\"1024\" height=\"462\" data-id=\"150\" src=\"https:\/\/x99.fi\/wp-content\/uploads\/2025\/05\/20250517_160745-1024x462.jpg\" alt=\"\" class=\"wp-image-150\" srcset=\"https:\/\/x99.fi\/wp-content\/uploads\/2025\/05\/20250517_160745-1024x462.jpg 1024w, https:\/\/x99.fi\/wp-content\/uploads\/2025\/05\/20250517_160745-300x135.jpg 300w, https:\/\/x99.fi\/wp-content\/uploads\/2025\/05\/20250517_160745-768x346.jpg 768w, https:\/\/x99.fi\/wp-content\/uploads\/2025\/05\/20250517_160745-1536x692.jpg 1536w, https:\/\/x99.fi\/wp-content\/uploads\/2025\/05\/20250517_160745-2048x923.jpg 2048w\" sizes=\"auto, (max-width: 1024px) 100vw, 1024px\" \/><\/figure>\n\n\n\n<figure class=\"wp-block-image size-large\"><img loading=\"lazy\" decoding=\"async\" width=\"1024\" height=\"462\" data-id=\"153\" src=\"https:\/\/x99.fi\/wp-content\/uploads\/2025\/05\/20250517_160748-1024x462.jpg\" alt=\"\" class=\"wp-image-153\" srcset=\"https:\/\/x99.fi\/wp-content\/uploads\/2025\/05\/20250517_160748-1024x462.jpg 1024w, https:\/\/x99.fi\/wp-content\/uploads\/2025\/05\/20250517_160748-300x135.jpg 300w, https:\/\/x99.fi\/wp-content\/uploads\/2025\/05\/20250517_160748-768x346.jpg 768w, https:\/\/x99.fi\/wp-content\/uploads\/2025\/05\/20250517_160748-1536x692.jpg 1536w, https:\/\/x99.fi\/wp-content\/uploads\/2025\/05\/20250517_160748-2048x923.jpg 2048w\" sizes=\"auto, (max-width: 1024px) 100vw, 1024px\" \/><\/figure>\n\n\n\n<figure class=\"wp-block-image size-large\"><img loading=\"lazy\" decoding=\"async\" width=\"462\" height=\"1024\" data-id=\"154\" src=\"https:\/\/x99.fi\/wp-content\/uploads\/2025\/05\/20250517_160753-1-462x1024.jpg\" alt=\"\" class=\"wp-image-154\" srcset=\"https:\/\/x99.fi\/wp-content\/uploads\/2025\/05\/20250517_160753-1-462x1024.jpg 462w, https:\/\/x99.fi\/wp-content\/uploads\/2025\/05\/20250517_160753-1-135x300.jpg 135w, https:\/\/x99.fi\/wp-content\/uploads\/2025\/05\/20250517_160753-1-768x1704.jpg 768w, https:\/\/x99.fi\/wp-content\/uploads\/2025\/05\/20250517_160753-1-692x1536.jpg 692w, https:\/\/x99.fi\/wp-content\/uploads\/2025\/05\/20250517_160753-1-923x2048.jpg 923w, https:\/\/x99.fi\/wp-content\/uploads\/2025\/05\/20250517_160753-1-scaled.jpg 1154w\" sizes=\"auto, (max-width: 462px) 100vw, 462px\" \/><\/figure>\n\n\n\n<figure class=\"wp-block-image size-large\"><img loading=\"lazy\" decoding=\"async\" width=\"768\" height=\"1024\" data-id=\"143\" src=\"https:\/\/x99.fi\/wp-content\/uploads\/2025\/05\/IMG-20250517-WA0009-768x1024.jpg\" alt=\"\" class=\"wp-image-143\" srcset=\"https:\/\/x99.fi\/wp-content\/uploads\/2025\/05\/IMG-20250517-WA0009-768x1024.jpg 768w, https:\/\/x99.fi\/wp-content\/uploads\/2025\/05\/IMG-20250517-WA0009-225x300.jpg 225w, https:\/\/x99.fi\/wp-content\/uploads\/2025\/05\/IMG-20250517-WA0009-1152x1536.jpg 1152w, https:\/\/x99.fi\/wp-content\/uploads\/2025\/05\/IMG-20250517-WA0009.jpg 1536w\" sizes=\"auto, (max-width: 768px) 100vw, 768px\" \/><\/figure>\n\n\n\n<figure class=\"wp-block-image size-large\"><img loading=\"lazy\" decoding=\"async\" width=\"768\" height=\"1024\" data-id=\"144\" src=\"https:\/\/x99.fi\/wp-content\/uploads\/2025\/05\/IMG-20250517-WA0010-768x1024.jpg\" alt=\"\" class=\"wp-image-144\" srcset=\"https:\/\/x99.fi\/wp-content\/uploads\/2025\/05\/IMG-20250517-WA0010-768x1024.jpg 768w, https:\/\/x99.fi\/wp-content\/uploads\/2025\/05\/IMG-20250517-WA0010-225x300.jpg 225w, https:\/\/x99.fi\/wp-content\/uploads\/2025\/05\/IMG-20250517-WA0010-1152x1536.jpg 1152w, https:\/\/x99.fi\/wp-content\/uploads\/2025\/05\/IMG-20250517-WA0010.jpg 1536w\" sizes=\"auto, (max-width: 768px) 100vw, 768px\" \/><\/figure>\n\n\n\n<figure class=\"wp-block-image size-large\"><img loading=\"lazy\" decoding=\"async\" width=\"1024\" height=\"768\" data-id=\"145\" src=\"https:\/\/x99.fi\/wp-content\/uploads\/2025\/05\/IMG-20250517-WA0011-1024x768.jpg\" alt=\"\" class=\"wp-image-145\" srcset=\"https:\/\/x99.fi\/wp-content\/uploads\/2025\/05\/IMG-20250517-WA0011-1024x768.jpg 1024w, https:\/\/x99.fi\/wp-content\/uploads\/2025\/05\/IMG-20250517-WA0011-300x225.jpg 300w, https:\/\/x99.fi\/wp-content\/uploads\/2025\/05\/IMG-20250517-WA0011-768x576.jpg 768w, https:\/\/x99.fi\/wp-content\/uploads\/2025\/05\/IMG-20250517-WA0011-1536x1152.jpg 1536w, https:\/\/x99.fi\/wp-content\/uploads\/2025\/05\/IMG-20250517-WA0011.jpg 2048w\" sizes=\"auto, (max-width: 1024px) 100vw, 1024px\" \/><\/figure>\n\n\n\n<figure class=\"wp-block-image size-large\"><img loading=\"lazy\" decoding=\"async\" width=\"768\" height=\"1024\" data-id=\"146\" src=\"https:\/\/x99.fi\/wp-content\/uploads\/2025\/05\/IMG-20250517-WA0015-768x1024.jpg\" alt=\"\" class=\"wp-image-146\" srcset=\"https:\/\/x99.fi\/wp-content\/uploads\/2025\/05\/IMG-20250517-WA0015-768x1024.jpg 768w, https:\/\/x99.fi\/wp-content\/uploads\/2025\/05\/IMG-20250517-WA0015-225x300.jpg 225w, https:\/\/x99.fi\/wp-content\/uploads\/2025\/05\/IMG-20250517-WA0015-1152x1536.jpg 1152w, https:\/\/x99.fi\/wp-content\/uploads\/2025\/05\/IMG-20250517-WA0015.jpg 1536w\" sizes=\"auto, (max-width: 768px) 100vw, 768px\" \/><\/figure>\n\n\n\n<figure class=\"wp-block-image size-large\"><img loading=\"lazy\" decoding=\"async\" width=\"768\" height=\"1024\" data-id=\"147\" src=\"https:\/\/x99.fi\/wp-content\/uploads\/2025\/05\/IMG-20250517-WA0016-768x1024.jpg\" alt=\"\" class=\"wp-image-147\" srcset=\"https:\/\/x99.fi\/wp-content\/uploads\/2025\/05\/IMG-20250517-WA0016-768x1024.jpg 768w, https:\/\/x99.fi\/wp-content\/uploads\/2025\/05\/IMG-20250517-WA0016-225x300.jpg 225w, https:\/\/x99.fi\/wp-content\/uploads\/2025\/05\/IMG-20250517-WA0016-1152x1536.jpg 1152w, https:\/\/x99.fi\/wp-content\/uploads\/2025\/05\/IMG-20250517-WA0016.jpg 1536w\" sizes=\"auto, (max-width: 768px) 100vw, 768px\" \/><\/figure>\n\n\n\n<figure class=\"wp-block-image size-large\"><img loading=\"lazy\" decoding=\"async\" width=\"768\" height=\"1024\" data-id=\"148\" src=\"https:\/\/x99.fi\/wp-content\/uploads\/2025\/05\/IMG-20250517-WA0018-768x1024.jpg\" alt=\"\" class=\"wp-image-148\" srcset=\"https:\/\/x99.fi\/wp-content\/uploads\/2025\/05\/IMG-20250517-WA0018-768x1024.jpg 768w, https:\/\/x99.fi\/wp-content\/uploads\/2025\/05\/IMG-20250517-WA0018-225x300.jpg 225w, https:\/\/x99.fi\/wp-content\/uploads\/2025\/05\/IMG-20250517-WA0018-1152x1536.jpg 1152w, https:\/\/x99.fi\/wp-content\/uploads\/2025\/05\/IMG-20250517-WA0018.jpg 1536w\" sizes=\"auto, (max-width: 768px) 100vw, 768px\" \/><\/figure>\n\n\n\n<figure class=\"wp-block-image size-large\"><img loading=\"lazy\" decoding=\"async\" width=\"768\" height=\"1024\" data-id=\"149\" src=\"https:\/\/x99.fi\/wp-content\/uploads\/2025\/05\/IMG-20250517-WA0022-768x1024.jpg\" alt=\"\" class=\"wp-image-149\" srcset=\"https:\/\/x99.fi\/wp-content\/uploads\/2025\/05\/IMG-20250517-WA0022-768x1024.jpg 768w, https:\/\/x99.fi\/wp-content\/uploads\/2025\/05\/IMG-20250517-WA0022-225x300.jpg 225w, https:\/\/x99.fi\/wp-content\/uploads\/2025\/05\/IMG-20250517-WA0022-1152x1536.jpg 1152w, https:\/\/x99.fi\/wp-content\/uploads\/2025\/05\/IMG-20250517-WA0022.jpg 1200w\" sizes=\"auto, (max-width: 768px) 100vw, 768px\" \/><\/figure>\n\n\n\n<figure class=\"wp-block-image size-large\"><img loading=\"lazy\" decoding=\"async\" width=\"768\" height=\"1024\" data-id=\"151\" src=\"https:\/\/x99.fi\/wp-content\/uploads\/2025\/05\/IMG-20250517-WA0023-768x1024.jpg\" alt=\"\" class=\"wp-image-151\" srcset=\"https:\/\/x99.fi\/wp-content\/uploads\/2025\/05\/IMG-20250517-WA0023-768x1024.jpg 768w, https:\/\/x99.fi\/wp-content\/uploads\/2025\/05\/IMG-20250517-WA0023-225x300.jpg 225w, https:\/\/x99.fi\/wp-content\/uploads\/2025\/05\/IMG-20250517-WA0023-1152x1536.jpg 1152w, https:\/\/x99.fi\/wp-content\/uploads\/2025\/05\/IMG-20250517-WA0023.jpg 1200w\" sizes=\"auto, (max-width: 768px) 100vw, 768px\" \/><\/figure>\n\n\n\n<figure class=\"wp-block-image size-large\"><img loading=\"lazy\" decoding=\"async\" width=\"768\" height=\"1024\" data-id=\"152\" src=\"https:\/\/x99.fi\/wp-content\/uploads\/2025\/05\/IMG-20250517-WA0024-768x1024.jpg\" alt=\"\" class=\"wp-image-152\" srcset=\"https:\/\/x99.fi\/wp-content\/uploads\/2025\/05\/IMG-20250517-WA0024-768x1024.jpg 768w, https:\/\/x99.fi\/wp-content\/uploads\/2025\/05\/IMG-20250517-WA0024-225x300.jpg 225w, https:\/\/x99.fi\/wp-content\/uploads\/2025\/05\/IMG-20250517-WA0024.jpg 960w\" sizes=\"auto, (max-width: 768px) 100vw, 768px\" \/><\/figure>\n\n\n\n<figure class=\"wp-block-image size-large\"><img loading=\"lazy\" decoding=\"async\" width=\"768\" height=\"1024\" data-id=\"156\" src=\"https:\/\/x99.fi\/wp-content\/uploads\/2025\/05\/IMG-20250517-WA0025-768x1024.jpg\" alt=\"\" class=\"wp-image-156\" srcset=\"https:\/\/x99.fi\/wp-content\/uploads\/2025\/05\/IMG-20250517-WA0025-768x1024.jpg 768w, https:\/\/x99.fi\/wp-content\/uploads\/2025\/05\/IMG-20250517-WA0025-225x300.jpg 225w, https:\/\/x99.fi\/wp-content\/uploads\/2025\/05\/IMG-20250517-WA0025.jpg 960w\" sizes=\"auto, (max-width: 768px) 100vw, 768px\" \/><\/figure>\n<\/figure>\n\n\n\n<p>Kuvia vuoden 2023 M Kev\u00e4tregatasta<\/p>\n\n\n\n<p><\/p>\n\n\n\n<figure class=\"wp-block-gallery has-nested-images columns-default is-cropped wp-block-gallery-2 is-layout-flex wp-block-gallery-is-layout-flex\">\n<figure class=\"wp-block-image size-large\"><img loading=\"lazy\" decoding=\"async\" width=\"1024\" height=\"576\" data-id=\"126\" src=\"https:\/\/x99.fi\/wp-content\/uploads\/2025\/03\/DSCF6463-Edited-1-1024x576.jpg\" alt=\"\" class=\"wp-image-126\" srcset=\"https:\/\/x99.fi\/wp-content\/uploads\/2025\/03\/DSCF6463-Edited-1-1024x576.jpg 1024w, https:\/\/x99.fi\/wp-content\/uploads\/2025\/03\/DSCF6463-Edited-1-300x169.jpg 300w, https:\/\/x99.fi\/wp-content\/uploads\/2025\/03\/DSCF6463-Edited-1-768x432.jpg 768w, https:\/\/x99.fi\/wp-content\/uploads\/2025\/03\/DSCF6463-Edited-1-1536x864.jpg 1536w, https:\/\/x99.fi\/wp-content\/uploads\/2025\/03\/DSCF6463-Edited-1-2048x1152.jpg 2048w\" sizes=\"auto, (max-width: 1024px) 100vw, 1024px\" \/><\/figure>\n\n\n\n<figure class=\"wp-block-image size-large\"><img loading=\"lazy\" decoding=\"async\" width=\"1024\" height=\"683\" data-id=\"127\" src=\"https:\/\/x99.fi\/wp-content\/uploads\/2025\/03\/DSCF6472-3-Edited-1-1024x683.jpg\" alt=\"\" class=\"wp-image-127\" srcset=\"https:\/\/x99.fi\/wp-content\/uploads\/2025\/03\/DSCF6472-3-Edited-1-1024x683.jpg 1024w, https:\/\/x99.fi\/wp-content\/uploads\/2025\/03\/DSCF6472-3-Edited-1-300x200.jpg 300w, https:\/\/x99.fi\/wp-content\/uploads\/2025\/03\/DSCF6472-3-Edited-1-768x512.jpg 768w, https:\/\/x99.fi\/wp-content\/uploads\/2025\/03\/DSCF6472-3-Edited-1-1536x1024.jpg 1536w, https:\/\/x99.fi\/wp-content\/uploads\/2025\/03\/DSCF6472-3-Edited-1-2048x1365.jpg 2048w\" sizes=\"auto, (max-width: 1024px) 100vw, 1024px\" \/><\/figure>\n\n\n\n<figure class=\"wp-block-image size-large\"><img loading=\"lazy\" decoding=\"async\" width=\"1024\" height=\"683\" data-id=\"125\" src=\"https:\/\/x99.fi\/wp-content\/uploads\/2025\/03\/DSCF6477-4-Edited-1-1024x683.jpg\" alt=\"\" class=\"wp-image-125\" srcset=\"https:\/\/x99.fi\/wp-content\/uploads\/2025\/03\/DSCF6477-4-Edited-1-1024x683.jpg 1024w, https:\/\/x99.fi\/wp-content\/uploads\/2025\/03\/DSCF6477-4-Edited-1-300x200.jpg 300w, https:\/\/x99.fi\/wp-content\/uploads\/2025\/03\/DSCF6477-4-Edited-1-768x512.jpg 768w, https:\/\/x99.fi\/wp-content\/uploads\/2025\/03\/DSCF6477-4-Edited-1-1536x1024.jpg 1536w, https:\/\/x99.fi\/wp-content\/uploads\/2025\/03\/DSCF6477-4-Edited-1-2048x1365.jpg 2048w\" sizes=\"auto, (max-width: 1024px) 100vw, 1024px\" \/><\/figure>\n\n\n\n<figure class=\"wp-block-image size-large\"><img loading=\"lazy\" decoding=\"async\" width=\"1024\" height=\"768\" data-id=\"128\" src=\"https:\/\/x99.fi\/wp-content\/uploads\/2025\/03\/DSCF6489-5-Edited-1-1024x768.jpg\" alt=\"\" class=\"wp-image-128\" srcset=\"https:\/\/x99.fi\/wp-content\/uploads\/2025\/03\/DSCF6489-5-Edited-1-1024x768.jpg 1024w, https:\/\/x99.fi\/wp-content\/uploads\/2025\/03\/DSCF6489-5-Edited-1-300x225.jpg 300w, https:\/\/x99.fi\/wp-content\/uploads\/2025\/03\/DSCF6489-5-Edited-1-768x576.jpg 768w, https:\/\/x99.fi\/wp-content\/uploads\/2025\/03\/DSCF6489-5-Edited-1-1536x1152.jpg 1536w, https:\/\/x99.fi\/wp-content\/uploads\/2025\/03\/DSCF6489-5-Edited-1-2048x1536.jpg 2048w\" sizes=\"auto, (max-width: 1024px) 100vw, 1024px\" \/><\/figure>\n\n\n\n<figure class=\"wp-block-image size-large\"><img loading=\"lazy\" decoding=\"async\" width=\"683\" height=\"1024\" data-id=\"129\" src=\"https:\/\/x99.fi\/wp-content\/uploads\/2025\/03\/DSCF6491-6-Edited-1-683x1024.jpg\" alt=\"\" class=\"wp-image-129\" srcset=\"https:\/\/x99.fi\/wp-content\/uploads\/2025\/03\/DSCF6491-6-Edited-1-683x1024.jpg 683w, https:\/\/x99.fi\/wp-content\/uploads\/2025\/03\/DSCF6491-6-Edited-1-200x300.jpg 200w, https:\/\/x99.fi\/wp-content\/uploads\/2025\/03\/DSCF6491-6-Edited-1-768x1152.jpg 768w, https:\/\/x99.fi\/wp-content\/uploads\/2025\/03\/DSCF6491-6-Edited-1-1024x1536.jpg 1024w, https:\/\/x99.fi\/wp-content\/uploads\/2025\/03\/DSCF6491-6-Edited-1-1365x2048.jpg 1365w, https:\/\/x99.fi\/wp-content\/uploads\/2025\/03\/DSCF6491-6-Edited-1-scaled.jpg 1707w\" sizes=\"auto, (max-width: 683px) 100vw, 683px\" \/><\/figure>\n\n\n\n<figure class=\"wp-block-image size-large\"><img loading=\"lazy\" decoding=\"async\" width=\"1024\" height=\"683\" data-id=\"124\" src=\"https:\/\/x99.fi\/wp-content\/uploads\/2025\/03\/DSCF6507-7-Edited-1-1024x683.jpg\" alt=\"\" class=\"wp-image-124\" srcset=\"https:\/\/x99.fi\/wp-content\/uploads\/2025\/03\/DSCF6507-7-Edited-1-1024x683.jpg 1024w, https:\/\/x99.fi\/wp-content\/uploads\/2025\/03\/DSCF6507-7-Edited-1-300x200.jpg 300w, https:\/\/x99.fi\/wp-content\/uploads\/2025\/03\/DSCF6507-7-Edited-1-768x512.jpg 768w, https:\/\/x99.fi\/wp-content\/uploads\/2025\/03\/DSCF6507-7-Edited-1-1536x1024.jpg 1536w, https:\/\/x99.fi\/wp-content\/uploads\/2025\/03\/DSCF6507-7-Edited-1-2048x1365.jpg 2048w\" sizes=\"auto, (max-width: 1024px) 100vw, 1024px\" \/><\/figure>\n\n\n\n<figure class=\"wp-block-image size-large\"><img loading=\"lazy\" decoding=\"async\" width=\"683\" height=\"1024\" data-id=\"130\" src=\"https:\/\/x99.fi\/wp-content\/uploads\/2025\/03\/DSCF6524-2-Edited-683x1024.jpg\" alt=\"\" class=\"wp-image-130\" srcset=\"https:\/\/x99.fi\/wp-content\/uploads\/2025\/03\/DSCF6524-2-Edited-683x1024.jpg 683w, https:\/\/x99.fi\/wp-content\/uploads\/2025\/03\/DSCF6524-2-Edited-200x300.jpg 200w, https:\/\/x99.fi\/wp-content\/uploads\/2025\/03\/DSCF6524-2-Edited-768x1152.jpg 768w, https:\/\/x99.fi\/wp-content\/uploads\/2025\/03\/DSCF6524-2-Edited-1024x1536.jpg 1024w, https:\/\/x99.fi\/wp-content\/uploads\/2025\/03\/DSCF6524-2-Edited-1365x2048.jpg 1365w, https:\/\/x99.fi\/wp-content\/uploads\/2025\/03\/DSCF6524-2-Edited-scaled.jpg 1707w\" sizes=\"auto, (max-width: 683px) 100vw, 683px\" \/><\/figure>\n\n\n\n<figure class=\"wp-block-image size-large\"><img loading=\"lazy\" decoding=\"async\" width=\"1024\" height=\"683\" data-id=\"131\" src=\"https:\/\/x99.fi\/wp-content\/uploads\/2025\/03\/DSCF6525-9-Edited-1-1024x683.jpg\" alt=\"\" class=\"wp-image-131\" srcset=\"https:\/\/x99.fi\/wp-content\/uploads\/2025\/03\/DSCF6525-9-Edited-1-1024x683.jpg 1024w, https:\/\/x99.fi\/wp-content\/uploads\/2025\/03\/DSCF6525-9-Edited-1-300x200.jpg 300w, https:\/\/x99.fi\/wp-content\/uploads\/2025\/03\/DSCF6525-9-Edited-1-768x512.jpg 768w, https:\/\/x99.fi\/wp-content\/uploads\/2025\/03\/DSCF6525-9-Edited-1-1536x1024.jpg 1536w, https:\/\/x99.fi\/wp-content\/uploads\/2025\/03\/DSCF6525-9-Edited-1-2048x1365.jpg 2048w\" sizes=\"auto, (max-width: 1024px) 100vw, 1024px\" \/><\/figure>\n\n\n\n<figure class=\"wp-block-image size-large\"><img loading=\"lazy\" decoding=\"async\" width=\"1024\" height=\"683\" data-id=\"132\" src=\"https:\/\/x99.fi\/wp-content\/uploads\/2025\/03\/DSCF6527-1-Edited-1024x683.jpg\" alt=\"\" class=\"wp-image-132\" srcset=\"https:\/\/x99.fi\/wp-content\/uploads\/2025\/03\/DSCF6527-1-Edited-1024x683.jpg 1024w, https:\/\/x99.fi\/wp-content\/uploads\/2025\/03\/DSCF6527-1-Edited-300x200.jpg 300w, https:\/\/x99.fi\/wp-content\/uploads\/2025\/03\/DSCF6527-1-Edited-768x512.jpg 768w, https:\/\/x99.fi\/wp-content\/uploads\/2025\/03\/DSCF6527-1-Edited-1536x1024.jpg 1536w, https:\/\/x99.fi\/wp-content\/uploads\/2025\/03\/DSCF6527-1-Edited-2048x1365.jpg 2048w\" sizes=\"auto, (max-width: 1024px) 100vw, 1024px\" \/><\/figure>\n\n\n\n<figure class=\"wp-block-image size-large\"><img loading=\"lazy\" decoding=\"async\" width=\"1024\" height=\"435\" data-id=\"133\" src=\"https:\/\/x99.fi\/wp-content\/uploads\/2025\/03\/DSCF6535-10-Edited-1-1024x435.jpg\" alt=\"\" class=\"wp-image-133\" srcset=\"https:\/\/x99.fi\/wp-content\/uploads\/2025\/03\/DSCF6535-10-Edited-1-1024x435.jpg 1024w, https:\/\/x99.fi\/wp-content\/uploads\/2025\/03\/DSCF6535-10-Edited-1-300x128.jpg 300w, https:\/\/x99.fi\/wp-content\/uploads\/2025\/03\/DSCF6535-10-Edited-1-768x326.jpg 768w, https:\/\/x99.fi\/wp-content\/uploads\/2025\/03\/DSCF6535-10-Edited-1-1536x653.jpg 1536w, https:\/\/x99.fi\/wp-content\/uploads\/2025\/03\/DSCF6535-10-Edited-1-2048x870.jpg 2048w\" sizes=\"auto, (max-width: 1024px) 100vw, 1024px\" \/><\/figure>\n\n\n\n<figure class=\"wp-block-image size-large\"><img loading=\"lazy\" decoding=\"async\" width=\"1024\" height=\"576\" data-id=\"134\" src=\"https:\/\/x99.fi\/wp-content\/uploads\/2025\/03\/DSCF6548-2-Edited-1024x576.jpg\" alt=\"\" class=\"wp-image-134\" srcset=\"https:\/\/x99.fi\/wp-content\/uploads\/2025\/03\/DSCF6548-2-Edited-1024x576.jpg 1024w, https:\/\/x99.fi\/wp-content\/uploads\/2025\/03\/DSCF6548-2-Edited-300x169.jpg 300w, https:\/\/x99.fi\/wp-content\/uploads\/2025\/03\/DSCF6548-2-Edited-768x432.jpg 768w, https:\/\/x99.fi\/wp-content\/uploads\/2025\/03\/DSCF6548-2-Edited-1536x864.jpg 1536w, https:\/\/x99.fi\/wp-content\/uploads\/2025\/03\/DSCF6548-2-Edited-2048x1152.jpg 2048w\" sizes=\"auto, (max-width: 1024px) 100vw, 1024px\" \/><\/figure>\n\n\n\n<figure class=\"wp-block-image size-large\"><img loading=\"lazy\" decoding=\"async\" width=\"1024\" height=\"683\" data-id=\"135\" src=\"https:\/\/x99.fi\/wp-content\/uploads\/2025\/03\/DSCF6557-11-Edited-1-1024x683.jpg\" alt=\"\" class=\"wp-image-135\" srcset=\"https:\/\/x99.fi\/wp-content\/uploads\/2025\/03\/DSCF6557-11-Edited-1-1024x683.jpg 1024w, https:\/\/x99.fi\/wp-content\/uploads\/2025\/03\/DSCF6557-11-Edited-1-300x200.jpg 300w, https:\/\/x99.fi\/wp-content\/uploads\/2025\/03\/DSCF6557-11-Edited-1-768x512.jpg 768w, https:\/\/x99.fi\/wp-content\/uploads\/2025\/03\/DSCF6557-11-Edited-1-1536x1024.jpg 1536w, https:\/\/x99.fi\/wp-content\/uploads\/2025\/03\/DSCF6557-11-Edited-1-2048x1365.jpg 2048w\" sizes=\"auto, (max-width: 1024px) 100vw, 1024px\" \/><\/figure>\n<\/figure>\n\n\n\n<p><\/p>\n\n\n\n<p><strong><a href=\"https:\/\/sailpix.fi\/tag\/x-99\/\" target=\"_blank\" rel=\"noreferrer noopener\">Sailpix<\/a>,<\/strong> oikeudet Erik L\u00e4hteenm\u00e4ki<\/p>\n\n\n\n<p><\/p>\n","protected":false},"excerpt":{"rendered":"<p>Kuvia 2025 kev\u00e4\u00e4n OD-viikonlopusta: Kuvia vuoden 2023 M Kev\u00e4tregatasta Sailpix, oikeudet Erik L\u00e4hteenm\u00e4ki<\/p>\n","protected":false},"author":1,"featured_media":0,"parent":0,"menu_order":0,"comment_status":"closed","ping_status":"closed","template":"","meta":{"footnotes":""},"class_list":["post-71","page","type-page","status-publish","hentry"],"_links":{"self":[{"href":"https:\/\/x99.fi\/index.php\/wp-json\/wp\/v2\/pages\/71","targetHints":{"allow":["GET"]}}],"collection":[{"href":"https:\/\/x99.fi\/index.php\/wp-json\/wp\/v2\/pages"}],"about":[{"href":"https:\/\/x99.fi\/index.php\/wp-json\/wp\/v2\/types\/page"}],"author":[{"embeddable":true,"href":"https:\/\/x99.fi\/index.php\/wp-json\/wp\/v2\/users\/1"}],"replies":[{"embeddable":true,"href":"https:\/\/x99.fi\/index.php\/wp-json\/wp\/v2\/comments?post=71"}],"version-history":[{"count":4,"href":"https:\/\/x99.fi\/index.php\/wp-json\/wp\/v2\/pages\/71\/revisions"}],"predecessor-version":[{"id":157,"href":"https:\/\/x99.fi\/index.php\/wp-json\/wp\/v2\/pages\/71\/revisions\/157"}],"wp:attachment":[{"href":"https:\/\/x99.fi\/index.php\/wp-json\/wp\/v2\/media?parent=71"}],"curies":[{"name":"wp","href":"https:\/\/api.w.org\/{rel}","templated":true}]}}